{"id":2733,"date":"2026-03-30T10:24:20","date_gmt":"2026-03-30T10:24:20","guid":{"rendered":"https:\/\/haven-home.fr\/?page_id=2733"},"modified":"2026-03-30T11:02:38","modified_gmt":"2026-03-30T11:02:38","slug":"nos-partenariats","status":"publish","type":"page","link":"https:\/\/haven-home.fr\/index.php\/nos-partenariats\/","title":{"rendered":"Nos partenariats"},"content":{"rendered":"\n[et_pb_section fb_built=\u00a0\u00bb1&Prime; _builder_version=\u00a0\u00bb4.27.6&Prime; _module_preset=\u00a0\u00bbdefault\u00a0\u00bb background_color=\u00a0\u00bb#faefe1&Prime; custom_margin=\u00a0\u00bb0px||0px||true|false\u00a0\u00bb custom_padding=\u00a0\u00bb30px||30px||true|false\u00a0\u00bb bottom_divider_style=\u00a0\u00bbwave2&Prime; bottom_divider_color=\u00a0\u00bb#ceb352&Prime; bottom_divider_height=\u00a0\u00bb21px\u00a0\u00bb bottom_divider_repeat=\u00a0\u00bb1x\u00a0\u00bb global_colors_info=\u00a0\u00bb{}\u00a0\u00bb][et_pb_row _builder_version=\u00a0\u00bb4.27.6&Prime; _module_preset=\u00a0\u00bbdefault\u00a0\u00bb custom_margin=\u00a0\u00bb-44px|auto||auto||\u00a0\u00bb custom_padding=\u00a0\u00bb42px|||||\u00a0\u00bb global_colors_info=\u00a0\u00bb{}\u00a0\u00bb][et_pb_column type=\u00a0\u00bb4_4&Prime; _builder_version=\u00a0\u00bb4.27.5&Prime; _module_preset=\u00a0\u00bbdefault\u00a0\u00bb global_colors_info=\u00a0\u00bb{}\u00a0\u00bb][et_pb_text _builder_version=\u00a0\u00bb4.27.6&Prime; _module_preset=\u00a0\u00bbdefault\u00a0\u00bb text_font=\u00a0\u00bbMontserrat|500|||||||\u00a0\u00bb text_text_color=\u00a0\u00bb#ceb352&Prime; text_font_size=\u00a0\u00bb28px\u00a0\u00bb header_2_font=\u00a0\u00bbMontserrat||||||||\u00a0\u00bb header_2_text_color=\u00a0\u00bb#ceb352&Prime; header_2_font_size=\u00a0\u00bb28px\u00a0\u00bb custom_margin=\u00a0\u00bb2px||2px|||\u00a0\u00bb custom_padding=\u00a0\u00bb15px||0px|||\u00a0\u00bb header_2_font_size_phone=\u00a0\u00bb21px\u00a0\u00bb global_colors_info=\u00a0\u00bb{}\u00a0\u00bb]<h2 style=\"text-align: center;\"><span>Pourquoi nous travaillons avec des partenaires locaux ?<\/span><\/h2>[\/et_pb_text][et_pb_text _builder_version=\u00a0\u00bb4.27.6&Prime; _module_preset=\u00a0\u00bbdefault\u00a0\u00bb text_font=\u00a0\u00bbNunito|300|||||||\u00a0\u00bb text_font_size=\u00a0\u00bb18px\u00a0\u00bb text_line_height=\u00a0\u00bb1.4em\u00a0\u00bb custom_margin=\u00a0\u00bb-1px|||||\u00a0\u00bb global_colors_info=\u00a0\u00bb{}\u00a0\u00bb]<p style=\"text-align: justify;\">Chez Haven Home Conciergerie, nous ne nous contentons pas de g\u00e9rer des logements.<br \/>Notre objectif est de cr\u00e9er une v\u00e9ritable <strong>exp\u00e9rience pour les voyageurs<\/strong>, tout en maximisant la valeur des biens de nos propri\u00e9taires.<\/p>\n<p style=\"text-align: justify;\">C\u2019est pourquoi nous travaillons, mains dans la main avec\u00a0<strong> des partenaires locaux<\/strong> partageant nos exigences de qualit\u00e9, d\u2019authenticit\u00e9 et de service, tout en contribuant activement au d\u00e9veloppement de l\u2019\u00e9conomie locale.<\/p>\n<p style=\"text-align: justify;\">Ces collaborations nous permettent d\u2019apporter une dimension unique \u00e0 chaque s\u00e9jour, en mettant en avant <strong>le savoir-faire local<\/strong> et en offrant une exp\u00e9rience plus immersive. Un logement qui propose une exp\u00e9rience authentique et diff\u00e9renciante <strong>se d\u00e9marque imm\u00e9diatement<\/strong> et g\u00e9n\u00e8re des avis plus positifs.<\/p>[\/et_pb_text][\/et_pb_column][\/et_pb_row][\/et_pb_section][et_pb_section fb_built=\u00a0\u00bb1&Prime; _builder_version=\u00a0\u00bb4.27.6&Prime; _module_preset=\u00a0\u00bbdefault\u00a0\u00bb background_color=\u00a0\u00bb#faefe1&Prime; custom_margin=\u00a0\u00bb||-3px|||\u00a0\u00bb custom_padding=\u00a0\u00bb89px|||||\u00a0\u00bb global_colors_info=\u00a0\u00bb{}\u00a0\u00bb][et_pb_row _builder_version=\u00a0\u00bb4.27.6&Prime; _module_preset=\u00a0\u00bbdefault\u00a0\u00bb custom_margin=\u00a0\u00bb-59px|auto||auto||\u00a0\u00bb custom_padding=\u00a0\u00bb3px||17px|||\u00a0\u00bb global_colors_info=\u00a0\u00bb{}\u00a0\u00bb][et_pb_column type=\u00a0\u00bb4_4&Prime; _builder_version=\u00a0\u00bb4.27.6&Prime; _module_preset=\u00a0\u00bbdefault\u00a0\u00bb global_colors_info=\u00a0\u00bb{}\u00a0\u00bb][et_pb_text _builder_version=\u00a0\u00bb4.27.6&Prime; _module_preset=\u00a0\u00bbdefault\u00a0\u00bb text_font=\u00a0\u00bbMontserrat|500|||||||\u00a0\u00bb text_text_color=\u00a0\u00bb#ceb352&Prime; text_font_size=\u00a0\u00bb32px\u00a0\u00bb header_3_font=\u00a0\u00bbMontserrat||||||||\u00a0\u00bb custom_margin=\u00a0\u00bb2px|||||\u00a0\u00bb global_colors_info=\u00a0\u00bb{}\u00a0\u00bb]<h3 style=\"text-align: justify;\"><span>Br\u00e9mond Fils &#8211; L\u2019art de vivre\u00a0 proven\u00e7ale\u00a0<\/span><\/h3>[\/et_pb_text][\/et_pb_column][\/et_pb_row][et_pb_row column_structure=\u00a0\u00bb1_2,1_2&Prime; _builder_version=\u00a0\u00bb4.18.0&Prime; _module_preset=\u00a0\u00bbdefault\u00a0\u00bb custom_margin=\u00a0\u00bb0px|auto|-54px|auto||\u00a0\u00bb custom_padding=\u00a0\u00bb2px|||||\u00a0\u00bb global_colors_info=\u00a0\u00bb{}\u00a0\u00bb][et_pb_column type=\u00a0\u00bb1_2&Prime; _builder_version=\u00a0\u00bb4.18.0&Prime; _module_preset=\u00a0\u00bbdefault\u00a0\u00bb global_colors_info=\u00a0\u00bb{}\u00a0\u00bb][et_pb_image src=\u00a0\u00bbhttps:\/\/haven-home.fr\/wp-content\/uploads\/2026\/03\/Insitutionnelle-\u00a9Fabien-Quinard-2023-BD-2-scaled.jpg\u00a0\u00bb alt=\u00a0\u00bbBr\u00e9mond Fils Antibes\u00a0\u00bb title_text=\u00a0\u00bbInsitutionnelle-\u00a9Fabien Quinard-2023-BD (2)\u00a0\u00bb align=\u00a0\u00bbcenter\u00a0\u00bb _builder_version=\u00a0\u00bb4.27.6&Prime; _module_preset=\u00a0\u00bbdefault\u00a0\u00bb width=\u00a0\u00bb90%\u00a0\u00bb min_height=\u00a0\u00bb431px\u00a0\u00bb max_height_tablet=\u00a0\u00bb300px\u00a0\u00bb max_height_phone=\u00a0\u00bb300px\u00a0\u00bb max_height_last_edited=\u00a0\u00bbon|tablet\u00a0\u00bb border_radii=\u00a0\u00bbon|10px|10px|10px|10px\u00a0\u00bb border_width_all=\u00a0\u00bb2px\u00a0\u00bb border_color_all=\u00a0\u00bb#0e2735&Prime; global_colors_info=\u00a0\u00bb{}\u00a0\u00bb][\/et_pb_image][\/et_pb_column][et_pb_column type=\u00a0\u00bb1_2&Prime; _builder_version=\u00a0\u00bb4.18.0&Prime; _module_preset=\u00a0\u00bbdefault\u00a0\u00bb global_colors_info=\u00a0\u00bb{}\u00a0\u00bb][et_pb_text _builder_version=\u00a0\u00bb4.27.6&Prime; _module_preset=\u00a0\u00bb518880c8-46c7-4ffa-b5a6-93ffa99dcc17&Prime; text_font=\u00a0\u00bbNunito|300|||||||\u00a0\u00bb text_text_color=\u00a0\u00bb#0e2735&Prime; text_font_size=\u00a0\u00bb18px\u00a0\u00bb text_line_height=\u00a0\u00bb1.65em\u00a0\u00bb min_height=\u00a0\u00bb515.2px\u00a0\u00bb custom_margin=\u00a0\u00bb4px|||||\u00a0\u00bb custom_padding=\u00a0\u00bb1px|||||\u00a0\u00bb text_font_size_tablet=\u00a0\u00bb18px\u00a0\u00bb text_font_size_phone=\u00a0\u00bb18px\u00a0\u00bb text_font_size_last_edited=\u00a0\u00bbon|desktop\u00a0\u00bb global_colors_info=\u00a0\u00bb{}\u00a0\u00bb]<p>Depuis 1830, Br\u00e9mond Fils porte haut les couleurs de la Provence et <strong>de son art de vivre<\/strong>. Leur maison est n\u00e9e sur ces terres g\u00e9n\u00e9reuses o\u00f9 les oliviers, amandiers et vergers s\u2019\u00e9panouissent sous le soleil \u00e9clatant. <strong>Depuis pr\u00e8s de deux si\u00e8cles<\/strong>, ils cultivent un lien ind\u00e9fectible avec cette nature constitu\u00e9e par le temps, qui les inspire et les guide.<\/p>\n<p>Chaque produit Br\u00e9mond Fils est le fruit d\u2019un travail exigeant, celui des artisans et des producteurs qui fa\u00e7onnent avec passion <strong>les saveurs authentiques<\/strong> de notre r\u00e9gion. Leur savoir-faire, transmis de <strong>g\u00e9n\u00e9ration en g\u00e9n\u00e9ration<\/strong>, se conjugue \u00e0 une exigence de qualit\u00e9 absolue pour cr\u00e9er des huiles d\u2019olive d\u2019exception, des douceurs raffin\u00e9es et des sp\u00e9cialit\u00e9s qui racontent une histoire : celle de la Provence \u00e9ternelle.<\/p>\n<p>Leur engagement est clair : <strong>pr\u00e9server<\/strong> l\u2019authenticit\u00e9, <strong>sublimer<\/strong> la richesse du terroir et offrir aux amateurs de gastronomie des cr\u00e9ations \u00e0 la fois sinc\u00e8res et \u00e9l\u00e9gantes. Entre tradition et modernit\u00e9, Br\u00e9mond Fils incarne l\u2019alliance rare du patrimoine et du haut de gamme. Aujourd\u2019hui, comme hier, nous invitons chacun \u00e0 d\u00e9couvrir <strong>le vrai go\u00fbt de la Provence<\/strong>, une promesse de raffinement, de partage et d\u2019\u00e9motions gourmandes.<\/p>[\/et_pb_text][et_pb_button button_url=\u00a0\u00bbhttp:\/\/www.mb-1830.com\/fr\u00a0\u00bb button_text=\u00a0\u00bbEn savoir plus \u00a0\u00bb button_alignment=\u00a0\u00bbcenter\u00a0\u00bb _builder_version=\u00a0\u00bb4.27.6&Prime; _module_preset=\u00a0\u00bb31b4f027-aaa0-4f2f-ae02-959764e19e4f\u00a0\u00bb custom_button=\u00a0\u00bbon\u00a0\u00bb button_text_size=\u00a0\u00bb20px\u00a0\u00bb button_text_color=\u00a0\u00bb#ffffff\u00a0\u00bb button_bg_color=\u00a0\u00bb#ccaf7f\u00a0\u00bb button_border_width=\u00a0\u00bb2px\u00a0\u00bb button_border_radius=\u00a0\u00bb9px\u00a0\u00bb button_font=\u00a0\u00bbPoppins||||||||\u00a0\u00bb custom_margin=\u00a0\u00bb-9px||34px||false|false\u00a0\u00bb custom_padding=\u00a0\u00bb5px||||false|false\u00a0\u00bb animation_style=\u00a0\u00bbfade\u00a0\u00bb animation_duration=\u00a0\u00bb1200ms\u00a0\u00bb animation_delay=\u00a0\u00bb400ms\u00a0\u00bb sticky_limit_bottom=\u00a0\u00bbsection\u00a0\u00bb global_colors_info=\u00a0\u00bb{}\u00a0\u00bb][\/et_pb_button][\/et_pb_column][\/et_pb_row][\/et_pb_section][et_pb_section fb_built=\u00a0\u00bb1&Prime; _builder_version=\u00a0\u00bb4.27.6&Prime; _module_preset=\u00a0\u00bbdefault\u00a0\u00bb background_color=\u00a0\u00bb#faefe1&Prime; custom_padding=\u00a0\u00bb0px|||||\u00a0\u00bb global_colors_info=\u00a0\u00bb{}\u00a0\u00bb][et_pb_row _builder_version=\u00a0\u00bb4.27.6&Prime; _module_preset=\u00a0\u00bbdefault\u00a0\u00bb custom_padding=\u00a0\u00bb0px|||||\u00a0\u00bb global_colors_info=\u00a0\u00bb{}\u00a0\u00bb][et_pb_column type=\u00a0\u00bb4_4&Prime; _builder_version=\u00a0\u00bb4.27.6&Prime; _module_preset=\u00a0\u00bbdefault\u00a0\u00bb global_colors_info=\u00a0\u00bb{}\u00a0\u00bb][et_pb_text _builder_version=\u00a0\u00bb4.27.6&Prime; _module_preset=\u00a0\u00bbdefault\u00a0\u00bb text_font=\u00a0\u00bbMontserrat|500|||||||\u00a0\u00bb text_text_color=\u00a0\u00bb#ceb352&Prime; text_font_size=\u00a0\u00bb28px\u00a0\u00bb header_2_font=\u00a0\u00bbMontserrat||||||||\u00a0\u00bb header_2_text_color=\u00a0\u00bb#ceb352&Prime; header_2_font_size=\u00a0\u00bb28px\u00a0\u00bb custom_margin=\u00a0\u00bb2px||2px|||\u00a0\u00bb global_colors_info=\u00a0\u00bb{}\u00a0\u00bb]<h2 style=\"text-align: center;\">Vous souhaitez vous d\u00e9marquer afin de louer votre bien ?<\/h2>[\/et_pb_text][et_pb_text _builder_version=\u00a0\u00bb4.27.6&Prime; _module_preset=\u00a0\u00bbdefault\u00a0\u00bb text_font=\u00a0\u00bbNunito|300|||||||\u00a0\u00bb text_font_size=\u00a0\u00bb18px\u00a0\u00bb text_line_height=\u00a0\u00bb1.4em\u00a0\u00bb custom_margin=\u00a0\u00bb-3px|||||\u00a0\u00bb global_colors_info=\u00a0\u00bb{}\u00a0\u00bb]<p data-start=\"229\" data-end=\"389\" style=\"text-align: justify;\">Haven Home Conciergerie vous accompagne dans la gestion compl\u00e8te de votre bien, en int\u00e9grant <strong>des services diff\u00e9renciants<\/strong> et des <strong>partenaires locaux de qualit\u00e9.<\/strong><\/p>\n<p data-start=\"396\" data-end=\"611\" style=\"text-align: justify;\">Nous mettons notamment en place des kits de bienvenue compos\u00e9s de<strong> produits locaux,<\/strong> afin d\u2019accueillir les voyageurs dans les meilleures conditions et de leur offrir une premi\u00e8re exp\u00e9rience m\u00e9morable d\u00e8s leur arriv\u00e9e. N&rsquo;hesitez pas \u00e0 nous contacter sur Whatsapp ou alors avec notre bouton contact juste en dessous.\u00a0<\/p>[\/et_pb_text][et_pb_button button_url=\u00a0\u00bbhttps:\/\/haven-home.fr\/index.php\/contact\/\u00a0\u00bb button_text=\u00a0\u00bbNous contacter \u00a0\u00bb button_alignment=\u00a0\u00bbcenter\u00a0\u00bb _builder_version=\u00a0\u00bb4.27.6&Prime; _module_preset=\u00a0\u00bb31b4f027-aaa0-4f2f-ae02-959764e19e4f\u00a0\u00bb custom_button=\u00a0\u00bbon\u00a0\u00bb button_text_size=\u00a0\u00bb20px\u00a0\u00bb button_text_color=\u00a0\u00bb#ffffff\u00a0\u00bb button_bg_color=\u00a0\u00bb#ccaf7f\u00a0\u00bb button_border_width=\u00a0\u00bb2px\u00a0\u00bb button_border_radius=\u00a0\u00bb9px\u00a0\u00bb button_font=\u00a0\u00bbPoppins||||||||\u00a0\u00bb custom_margin=\u00a0\u00bb-9px||||false|false\u00a0\u00bb custom_padding=\u00a0\u00bb5px||||false|false\u00a0\u00bb animation_style=\u00a0\u00bbfade\u00a0\u00bb animation_duration=\u00a0\u00bb1200ms\u00a0\u00bb animation_delay=\u00a0\u00bb400ms\u00a0\u00bb sticky_limit_bottom=\u00a0\u00bbsection\u00a0\u00bb global_colors_info=\u00a0\u00bb{}\u00a0\u00bb][\/et_pb_button][\/et_pb_column][\/et_pb_row][\/et_pb_section]\n","protected":false},"excerpt":{"rendered":"<p>Pourquoi nous travaillons avec des partenaires locaux ?Chez Haven Home Conciergerie, nous ne nous contentons pas de g\u00e9rer des logements.Notre objectif est de cr\u00e9er une v\u00e9ritable exp\u00e9rience pour les voyageurs, tout en maximisant la valeur des biens de nos propri\u00e9taires. C\u2019est pourquoi nous travaillons, mains dans la main avec\u00a0 des partenaires locaux partageant nos exigences [&hellip;]<\/p>\n","protected":false},"author":1,"featured_media":0,"parent":0,"menu_order":0,"comment_status":"closed","ping_status":"closed","template":"","meta":{"_et_pb_use_builder":"on","_et_pb_old_content":"","_et_gb_content_width":"","footnotes":""},"class_list":["post-2733","page","type-page","status-publish","hentry"],"_links":{"self":[{"href":"https:\/\/haven-home.fr\/index.php\/wp-json\/wp\/v2\/pages\/2733","targetHints":{"allow":["GET"]}}],"collection":[{"href":"https:\/\/haven-home.fr\/index.php\/wp-json\/wp\/v2\/pages"}],"about":[{"href":"https:\/\/haven-home.fr\/index.php\/wp-json\/wp\/v2\/types\/page"}],"author":[{"embeddable":true,"href":"https:\/\/haven-home.fr\/index.php\/wp-json\/wp\/v2\/users\/1"}],"replies":[{"embeddable":true,"href":"https:\/\/haven-home.fr\/index.php\/wp-json\/wp\/v2\/comments?post=2733"}],"version-history":[{"count":12,"href":"https:\/\/haven-home.fr\/index.php\/wp-json\/wp\/v2\/pages\/2733\/revisions"}],"predecessor-version":[{"id":2770,"href":"https:\/\/haven-home.fr\/index.php\/wp-json\/wp\/v2\/pages\/2733\/revisions\/2770"}],"wp:attachment":[{"href":"https:\/\/haven-home.fr\/index.php\/wp-json\/wp\/v2\/media?parent=2733"}],"curies":[{"name":"wp","href":"https:\/\/api.w.org\/{rel}","templated":true}]}}